-3*d + 349 - 709 + d + 352. Suppose 5*s + 0*s = -30. Give f(s).
4
Let b(d) = -d**2 + 6*d + 5. Let x(f) = -f**2 + 6*f + 4. Let k(u) = -5*b(u) + 6*x(u). Suppose 4*j - 114 = 2*j. Let a = 64 - j. Calculate k(a).
-8
Let v(a) = 75*a - 37*a - 39*a - a**2. Let j(x) = x + 16. Let i be j(-14). Determine v(i).
-6
Let r(y) be the third derivative of y**5/60 - y**4/12 + y**3/6 - 2*y**2 + 3*y. What is r(3)?
4
Let n = -1 - -1. Suppose 2*h - 4*h + 2 = n. Let w(v) = 29*v**2 - 5*v - 2. Let c(m) = -14*m**2 + 2*m + 1. Let i(s) = -7*c(s) - 3*w(s). Give i(h).
11
Let r(y) = 13*y - 296. Let o be r(22). Let m(k) = -k + 11. Calculate m(o).
21
Let p(u) = -7*u + 5. Suppose -3*t + 12 = -16*f + 18*f, 4*t = 3*f - 1. Give p(f).
-16
Let k(d) be the first derivative of -d**3/3 - 3*d**2 + 2*d - 12. Let c(s) = -s + 1. Let t(h) = -h + 12. Let r be t(6). Let p be c(r). Calculate k(p).
7
Let a(o) = -o**2 - 5*o + 6. Let l(h) = -h**3 + 8*h**2 + 8*h - 10. Let r = 25 - 16. Let z be l(r). Let m = 12 + z. Give a(m).
-8
Let x = -74 + 148. Let q = x - 72. Let j(k) = -3*k**2 - 2*k + 2. Determine j(q).
-14
Let m(s) = 13*s**3 - 6*s**2 - 5*s + 9. Let b(i) = 3*i**3 - 2*i**2 - i + 2. Let a(t) = -9*b(t) + 2*m(t). What is a(6)?
-6
Let j be 1/(-3 + 7 - 3). Suppose -d - j = l - 6, 2*l + 2 = d. Suppose -3*f - d*f - 42 = 0. Let p(w) = -w**3 - 5*w**2 + 8*w - 1. Determine p(f).
-13
Let b = 107 + -105. Let f(i) = -2*i + 5*i**b + 7*i**2 - 13*i**2. What is f(-3)?
-3
Suppose 0 = -2*g - 2*g + 24. Let y be (11/(-33))/((-1)/g). Let x(o) = -3 - o**y + 0 + 2*o**2. Calculate x(-3).
6
Suppose 0 = -3*a + 2*b - 3 - 17, -3*a + b = 25. Let c(h) = -h**3 - 10*h**2 - h - 2. Determine c(a).
8
Suppose -d = 3*k + 15, -4*d = -3*k - k - 20. Let b(m) be the second derivative of -4*m + m**2 - 2/3*m**3 + d - 1/12*m**4. What is b(-5)?
-3
Suppose -4 = s - 6. Let f(u) = u + 13 - u**s + u**3 + 0*u**3 + 0*u. Determine f(0).
13
Let b(u) = u**3 - u**2 - u. Let g(x) = -4*x**3 + 19*x**2 - 10*x - 4. Let l(r) = 5*b(r) + g(r). Determine l(-15).
-4
Let n(r) = 2*r - 1. Let g(q) = q + 8. Let h(c) = -g(c) + n(c). What is h(-5)?
-14
Let l(m) = 7*m**2 - m. Let k be 3/4*(88 - 8). Suppose 2*p - 54 = -4*w, -2*w - w = -5*p - k. Let r = 16 - w. Determine l(r).
6
Let r(c) = -10*c**2 + 2*c - 2. Suppose -5*g + 684 = 679. Calculate r(g).
-10
Let t(w) = -w**3 + 2*w**2 + 29*w - 75. Let n be t(3). Let q(c) = c**3 + c**2 - 5*c + 4. Determine q(n).
25
Suppose 102 = -11*r + 14*r. Let x(d) = 34 + 2*d - r - d. Give x(-3).
-3
Let g(p) = -p + 1 + 6 - 3. Suppose -2*f - 5*a = -37, -6 = -4*f + 4*a - 2. Calculate g(f).
-2
Let a(x) = 7*x**2 - x**3 - 72*x + 0 + 2 + 71*x. Give a(7).
-5
Suppose -g + 4*i - 8 = 0, -9 = -4*i + i. Let j(a) = -a**2 + 9*a - 3. Give j(g).
17
Let m be 4 - (3 - (2 + 2)). Suppose w - 2*w - 118 = -m*p, -5*w - 14 = -p. Suppose -y - 5*y - p = 0. Let d(i) = i**2 + 3*i - 2. What is d(y)?
2
Let t(o) = -o + 1. Let b(a) = -1. Let z(m) = 5*b(m) + t(m). Calculate z(0).
-4
Let w(a) = -6*a**3 + 31*a**2 - 15*a + 30. Let r(h) = -5*h**3 + 29*h**2 - 16*h + 29. Let d(c) = -5*r(c) + 4*w(c). Give d(20).
-25
Let v(g) be the second derivative of -5/6*g**3 + 37*g + g**2 + 1/6*g**4 + 0. Calculate v(3).
5
Let g(l) be the first derivative of -1/4*l**4 - 5*l - 2*l**2 - 6 - 5/3*l**3. Suppose u + 0*u + 4 = 0. Calculate g(u).
-5
Suppose 0 = -3*x + 8 + 4. Let k(j) = -1255*j + j**2 - 1258*j + 2513*j - 5. Determine k(x).
11
Let z(s) = -1. Let w(i) = -i. Let l(m) = 3*w(m) - z(m). Suppose 3*q - 9 + 0 = 0. Suppose -5*o - 17 = -4*b, -o - q = -b - 0*o. What is l(b)?
7
Let d(x) = 4*x**2 - 11*x**2 + 8*x**2. Calculate d(1).
1
Suppose l - 22 = -3*f, -5*l = -4*f + 68 - 7. Let m(y) = -2*y + 14. What is m(f)?
-4
Let u(j) = -j - 3. Let s be (2 + -14)*54/54. Calculate u(s).
9
Let a(v) be the second derivative of -v**5/120 + 11*v**3/6 + 7*v. Let i(n) be the second derivative of a(n). What is i(1)?
-1
Let r(i) = -5*i - 11 - 211*i**2 + 116*i**2 + 17 + 96*i**2. Let n(c) = c**3 - 3*c**2 + 4. Let j be n(3). Determine r(j).
2
Let v(n) = -4*n - 7*n + 6*n + 1 + 6*n - 2*n. Give v(-9).
10
Let n(s) be the first derivative of s**4/4 + 8*s**3/3 + 3*s**2 - 6*s + 46. What is n(-7)?
1
Let i(c) = 19 - 24 + 4 + 8 - 5*c. Determine i(5).
-18
Let t(b) be the second derivative of -b**3/6 + b**2/2 - 12*b + 3. Determine t(2).
-1
Let m(t) = -4*t**2 + 5*t - 1. Let k(q) = q**3 - 11*q**2 + 14*q - 3. Let u(x) = 3*k(x) - 8*m(x). Let z = 13 - -6. Suppose -z*p + 12*p + 7 = 0. Give u(p).
3
Let k(r) = -r**3 + 3*r**2 + r + 1. Let h be k(3). Let u(f) = 91 - 206 + 106 + f. Determine u(h).
-5
Let u be (-26)/(-91) + (-148)/28. Let t(f) = -9*f - 50. Give t(u).
-5
Let z(t) = -1052*t**3 + 3*t**2 + 1053*t**3 - 3*t - 1 + 1 + 6. Let s(h) = 3*h + 0 - 2*h + 1 - h**2. Let l(r) = s(r) - z(r). What is l(-5)?
0
Let g(j) = -4*j**3 + 21*j**2 + 7*j - 46. Let n(p) = 2*p**3 - 12*p**2 - 4*p + 23. Let r(c) = -4*g(c) - 7*n(c). Determine r(0).
23
Let q(d) = d**2 - 5*d + 1. Let y be (-4)/16 - 33*(-4)/16. Suppose 0 = -3*l + h + 27, -6 + 21 = 3*l + 3*h. Let i be y/3*12/l. Determine q(i).
-3
Let x(m) = -m + 1. Let k(h) = -3*h - 8. Let c(f) = -k(f) + x(f). Let j = -3360 + 3353. Give c(j).
-5
Let z(l) be the third derivative of -l**5/60 + 5*l**4/24 - 5*l**3/6 + 88*l**2. Calculate z(4).
-1
Let k(b) = 15*b**2 - 1. Suppose -2*o + 54 = -30. Let q = -41 + o. Calculate k(q).
14
Let d(r) = -r**2 + r + 1. Let m(c) = 9*c**2 - 3. Let f(l) = 2*d(l) + m(l). Let q = 1838 - 1840. What is f(q)?
23
Let l = 3 - -1. Let x be 10/6 + (-10)/15. Let g(m) = -m**2 + 1. Let r(y) = -2*y + 2. Let i(p) = x*g(p) - r(p). Give i(l).
-9
Suppose 5*p - 4*p = b, -b + 12 = 2*p. Let y(d) = 5*d**2 - 7*d + 2. Let i(c) = 3*c**2 - 4*c + 1. Let q(a) = b*y(a) - 7*i(a). Calculate q(-3).
-8
Let l(y) = y**2 + 2*y - 4. Suppose -2*h = 4*p - 60, 0 = 5*h - 5*p - 66 - 114. Suppose -h = -6*f - 10. Suppose 8*j = 9*j + f. What is l(j)?
4
Let c(u) = -2*u - 10. Suppose 2*r = -4*z + 18, -3*z = 2*r + 3*r - 24. Suppose 0 = 5*t + r*t + 72. What is c(t)?
8
Let s(l) = -8*l - 20. Let m be s(-3). Let d be ((-3)/(-4))/(2/8). Let k(i) = m*i**2 + 7 - 3 - 2*i - 5*i**d - 5*i**3 + 9*i**3. What is k(3)?
7
Let q(b) = -17*b**2 - 4*b + 6. Let v(l) = -9*l**2 - 2*l + 3. Let d(w) = -6*q(w) + 11*v(w). Give d(2).
13
Suppose 13 = -4*h - o + 43, 0 = -4*o - 8. Let j(u) be the first derivative of u**2/2 + 1. Give j(h).
8
Let q(h) be the third derivative of h**5/20 + h**4/8 - 2714*h**2. Suppose 0 = 3*z + o + 10, o = z - 0 - 2. What is q(z)?
6
Let k = 14580 - 14569. Let z(i) be the second derivative of i**3/3 - 8*i**2 + i. What is z(k)?
6
Suppose 5 = -5*d - 2*q, 3*d + 6*q - 4*q = 1. Let x(a) = -11*a**3 + 2*a**2 - 13*a + 3. Let j(m) = 2*m**3 + 2*m. Let n(o) = -6*j(o) - x(o). Give n(d).
3
Let u(c) = 32*c**3 - 14*c - 11. Let h(b) = 11*b**3 - 5*b - 4. Let f(g) = -11*h(g) + 4*u(g). Suppose 11*d = -334 + 345. Determine f(d).
6
Let i(d) = -d**3 - d**2 + 3*d - 4. Let v be i(-3). Suppose -3*p + 15 = 5*u, 0*p - 5*u = -p - 15. Let t(n) = p*n - 2 - 1 + v*n - 6*n. Calculate t(5).
-8
Let s(n) = 2*n**2 - 14*n + 21. Let h be -4*33/(-12) + (-9 - -3). Calculate s(h).
1
Suppose -3*s + v + 73 = s, 2*s + 3*v - 47 = 0. Let r(d) = s*d - 1 - 17*d - 1. What is r(-3)?
-8
Let o(j) = j**2 - 2*j. Let p be o(3). Let t be 15/5*-1 - p. Let i(x) = -x**2 - 5*x + 4. Give i(t).
-2
Suppose -2*t + 2*f + 44 = 0, -4*f + 44 = 3*t + 13. Suppose -4*d + 26 = -2*q, 4*q + d = 2*d - t. Let l(p) = p**2 + 5*p + 1. Give l(q).
-5
Let n(f) = 544 - 5*f - 255 - 276 + 2*f + 4*f. Give n(-11).
2
Let k(n) be the first derivative of -n**3/3 + 5*n**2/2 - n - 62. Calculate k(4).
3
Let o(k) = -k**3 - 7*k**2 + 8*k + 1. Suppose 2*c - 20 = -6. Let u(s) = -s**2 + 5*s + 6. Let q be u(c). Give o(q).
1
Let t(i) = -i**2 + 32*i - i**2 + 0*i - 8*i**2 - 3 - 35*i. What is t(-2)?
-37
Let g(d) = -15 + 0*d + 3*d - 4*d. Let j(y) = y**3 + 16*y**2 - y - 16. Let q be j(-16). Calculate g(q).
-15
Let h(z) = 101*z**3 - 100*z**3 - 36*z**2 + 6*z + 28*z**2 + 9. Determine h(7).
2
Let o(d) = 1 + 0*d - 5*d + 0 - 2. Let k(p) = 9*p + 1. Let w(j) = 6*k(j) + 11*o(j). Give w(-6).
1
Let r(u) = u**2 - 7*u + 2. Let g(v) = -v. Let c(h) = -2*g(h) + r(h). Let d(b) = -6*b**3 - 2*b**2 - b. Let y be -3*((-4)/6 - -1). Let s be d(y). What is c(s)?
2
Let j(k) = -k - 12. Let c = -21 - -30. Suppose 0 = -2*m - m - c. Let b(a) = -2*a - 13. Let f(g